37. Determine f(-11).
12
Let v(f) = 31*f**3 - 434*f**2 + 11*f - 122. What is v(14)?
32
Let i(d) = -38*d**2 + 6872*d + 1100. Determine i(181).
14
Let b(l) = 29066*l + 436215. Determine b(-15).
225
Let c(z) = -2*z**2 - 59*z - 794. Determine c(-22).
-464
Let k(u) = -7*u**2 - 122*u - 328. Calculate k(-12).
128
Let z(w) = 8*w**2 + 630*w - 2499. Determine z(4).
149
Let q(g) = 7*g**2 + 32919*g - 1127336. Determine q(34).
2
Let h(y) = 39*y**2 - 1139*y - 1119. What is h(30)?
-189
Let s(n) = 20*n**2 - 6086*n + 1023. Give s(304).
-801
Let z(f) = 2*f - 1777. What is z(80)?
-1617
Let r(m) = -m**2 + 313*m - 12848. Calculate r(44).
-1012
Let t(l) = 33371*l - 1201392. Determine t(36).
-36
Let j(f) = -933*f + 4895. Give j(5).
230
Let x(s) = -2429*s + 38905. Calculate x(16).
41
Let o(i) = 3*i**3 - 12*i**2 + 498*i + 2852. What is o(-6)?
-1216
Let g(o) = -2*o**2 - 835*o + 476. Determine g(-418).
58
Let o(a) = a**3 + 15*a**2 - 19*a - 130. Give o(-5).
215
Let k(w) = 1337*w - 719306. Give k(538).
0
Let g(f) = 3*f**3 - 4*f**2 - 20*f - 61. Give g(5).
114
Let o(q) = -377561*q - 3020498. Determine o(-8).
-10
Let l(i) = -29*i**3 + 4*i**2 + 5*i - 41. Determine l(-3).
763
Let z(t) = -13368*t - 2900861. Determine z(-217).
-5
Let l(u) = u**3 + 371*u**2 + 32152*u - 772. What is l(-233)?
-306
Let p(u) = -u**3 - 54*u**2 - 74*u + 834. What is p(-53)?
1947
Let p(t) = t**3 - 200*t**2 - 26*t + 5496. Determine p(200).
296
Let p(w) = 96*w - 8136. Determine p(108).
2232
Let a(c) = 204*c**2 + 328*c + 658. Give a(-2).
818
Let o(x) = 2*x**2 + 1047*x - 69984. Calculate o(60).
36
Let s(w) = w**3 + 5*w**2 + 2237*w + 8901. What is s(-4)?
-31
Let g(j) = 870*j - 15443. Calculate g(16).
-1523
Let l(j) = -6*j**2 + 2719*j + 10494. Determine l(457).
-17
Let t(l) = 81*l - 538. What is t(7)?
29
Let u(f) = f**3 - 41*f**2 - 22*f + 3900. Give u(39).
0
Let l(o) = -4*o**3 - 3*o**2 + 4*o - 822. What is l(0)?
-822
Let o(x) = 275*x - 94906. Calculate o(345).
-31
Let w(i) = -884*i - 100776. Calculate w(-114).
0
Let m(i) = i**3 + 173*i**2 - 555*i - 1932. Calculate m(-176).
2820
Let w(u) = 414*u**2 + 3*u - 20. Calculate w(-2).
1630
Let w(u) = -4*u**2 + 1085*u - 6562. Calculate w(265).
63
Let a(l) = -17*l**2 + 22354*l + 136058. Determine a(1321).
-5
Let x(o) = -795265*o + 39763247. Determine x(50).
-3
Let j(g) = 4*g**2 + 6438*g - 77226. Give j(12).
606
Let f(a) = -10*a**2 + 1477*a - 14614. Determine f(10).
-844
Let z(g) = g**3 + 124*g**2 + 124*g + 34. Calculate z(-123).
-89
Let j(k) = 123050*k - 4429813. What is j(36)?
-13
Let m(a) = 458*a - 185. What is m(-3)?
-1559
Let v(r) = 38080*r + 6. Give v(0).
6
Let i(x) = -x**3 - 701*x**2 + 3503*x - 18984. What is i(-706)?
78
Let o(j) = 6730*j - 605651. Determine o(90).
49
Let g(n) = -14432*n - 57731. Give g(-4).
-3
Let j(r) = -26293*r - 1340870. What is j(-51)?
73
Let i(q) = -3883*q - 120392. Calculate i(-31).
-19
Let m(i) = -i**3 - 51*i**2 + 3382*i + 41. What is m(-89)?
41
Let n(g) = -19*g**2 + 1379*g + 559. What is n(73)?
-25
Let n(y) = -y**2 + 35*y - 638. Determine n(28).
-442
Let g(h) = 3*h**3 + 197*h**2 + 1488*h - 110. Calculate g(-57).
-452
Let v(m) = 2*m**3 - 765*m**2 - 659*m + 105707. What is v(383)?
-1
Let k(t) = -t**3 + 744*t**2 - 8146*t + 907. Determine k(11).
-6
Let j(m) = m**2 - 554*m - 5030. Determine j(-9).
37
Let o(x) = 2*x**2 - 8*x - 135. Give o(-5).
-45
Let t(a) = 14*a**3 - 1806*a**2 - 15*a - 550. Determine t(129).
-2485
Let n(w) = -403*w**3 + 4*w**2 - 6737*w - 6740. Determine n(-1).
404
Let t(x) = 4812*x + 43325. Give t(-9).
17
Let a(o) = 2300*o - 46407. What is a(18)?
-5007
Let a(q) = 12*q**3 - 439*q**2 - 646*q - 59. Give a(38).
-59
Let i(m) = 16*m**2 - 700*m + 37. What is i(44)?
213
Let v(b) = -11237*b - 44840. Determine v(-4).
108
Let k(a) = 20*a**2 - 334*a - 10421. Calculate k(33).
337
Let a(y) = 17*y**3 - 1089*y**2 + 81*y - 1091. What is a(64)?
-3
Let g(f) = f**3 - 458*f**2 - 2356*f - 3. Calculate g(-5).
202
Let c(a) = -287*a - 6379. Give c(-21).
-352
Let r(k) = -k**2 + 34384*k + 24093770. Give r(-687).
-7
Let v(c) = 2*c**2 + 90776*c + 544698. Give v(-6).
114
Let m(h) = 3*h**3 - 13*h**2 + 722*h - 3671. Determine m(5).
-11
Let y(d) = -357073*d - 1071223. What is y(-3)?
-4
Let l(t) = -93*t**2 - 76505*t - 153002. Calculate l(-2).
-364
Let g(h) = 311714*h + 311717. Determine g(-1).
3
Let x(c) = 3590*c + 28869. Calculate x(-8).
149
Let u(o) = -33*o**2 + 3657*o + 688. Give u(111).
22
Let f(d) = d**3 - 9*d**2 - 40*d + 297. Give f(10).
-3
Let l(o) = -o**3 - 17*o**2 + 217*o - 605. Determine l(5).
-70
Let f(y) = y**3 - 61*y**2 + 631*y + 177. Give f(14).
-201
Let y(g) = 19*g**2 + 3236*g - 12968. Determine y(4).
280
Let g(o) = -630*o + 15914. Determine g(25).
164
Let g(a) = a**2 - 893*a + 149915. Calculate g(224).
59
Let j(w) = 179580*w - 2154962. Calculate j(12).
-2
Let h(g) = 29*g**3 - 244*g**2 - 92*g - 518. What is h(9)?
31
Let u(l) = -2*l**2 - 22*l + 200. Determine u(-17).
-4
Let r(z) = -1189522*z - 7137127. Give r(-6).
5
Let v(s) = s**3 - 10*s**2 - 266*s - 250. Calculate v(-12).
-226
Let x(i) = 20*i**2 + 2487*i + 65963. Give x(-86).
1
Let u(c) = -35*c**2 - 2103*c - 17656. Calculate u(-50).
-6
Let j(g) = -29681*g - 6470471. Determine j(-218).
-13
Let u(r) = 3994*r + 152. Calculate u(0).
152
Let t(c) = 1273*c - 341158. What is t(268)?
6
Let u(a) = 261*a - 2159. Calculate u(-11).
-5030
Let b(c) = 7*c**2 - 834*c - 901. Give b(120).
-181
Let l(f) = -3*f + 1339. What is l(-44)?
1471
Let y(d) = -3*d**2 + 36*d + 70. What is y(20)?
-410
Let w(p) = 8*p**2 + 98*p + 882. Determine w(-12).
858
Let g(s) = 2119*s + 7502. Calculate g(-3).
1145
Let k(v) = -2332*v - 68781. Give k(-31).
3511
Let r(z) = 684*z - 114941. Determine r(168).
-29
Let f(n) = n**2 + 219*n + 5437. Give f(-29).
-73
Let h(j) = 8973*j - 44889. Give h(5).
-24
Let w(l) = 1364*l - 7303. What is w(8)?
3609
Let p(o) = -7*o**2 - 415*o - 2052. Give p(-5).
-152
Let i(p) = -2*p**3 - 2*p**2 + 1748*p + 282. Give i(-30).
42
Let g(n) = -11419*n + 34555. Give g(3).
298
Let h(n) = 2*n**2 - 114*n + 3739. Determine h(62).
4359
Let n(x) = -3*x**3 - 194*x**2 + 6117*x + 393379. What is n(-65)?
-1
Let s(i) = i**2 + 1304*i + 113742. Give s(-94).
2
Let n(f) = -2*f**2 + 286*f - 7227. Give n(33).
33
Let o(l) = -5*l + 544. Determine o(-92).
1004
Let w(x) = -1299*x + 5635. Calculate w(4).
439
Let h(g) = -2*g**3 - 349*g**2 - 2207*g + 10834. Give h(-10).
4
Let z(n) = 285849*n + 1143383. Give z(-4).
-13
Let m(a) = -147*a - 22351. Calculate m(-152).
-7
Let f(l) = -6*l**2 + 1561*l - 31648. Calculate f(238).
6
Let q(h) = h**2 + 8252*h - 381705. Calculate q(46).
3
Let n(b) = 4336*b + 3000470. What is n(-692)?
-42
Let y(l) = 5360*l - 5079. Give y(1).
281
Let c(g) = -2*g**3 + 198*g**2 + 857*g - 3561. Give c(103).
-162
Let r(g) = 4*g**2 - 189*g - 436989. Give r(355).
16
Let n(i) = -6*i**2 - 56020*i - 168013. What is n(-3)?
-7
Let f(l) = -2*l**3 - 23*l**2 - 60*l - 4. Give f(-10).
296
Let g(q) = 15590*q - 186949. Give g(12).
131
Let y(w) = w**2 - 263*w - 308196. Calculate y(702).
-18
Let x(o) = o**3 - 136*o**2 - 448*o + 3501. Determine x(139).
-808
Let o(q) = 2*q**2 + 12277*q + 49114. Give o(-4).
38
Let h(n) = -n**2 + 956*n - 62831. Give h(71).
4
Let k(x) = x**3 - 240*x**2 + 2078*x + 262. Determine k(231).
31
Let p(n) = 4*n**3 + 20*n**2 - 170*n - 914. Give p(-6).
-38
Let j(d) = 46*d**3 + 1846*d**2 - 5676*d - 7. Calculate j(-43).
-7
Let v(c) = -7234*c - 43817. Calculate v(-6).
-413
Let n(y) = -2*y**3 - 42*y**2 - 20*y + 285. Calculate n(0).
285
Let w(b) = -7*b**2 + 1243*b + 5012. Determine w(182).
-630
Let p(j) = 8*j**2 + 2045*j - 10255. Give p(5).
170
Let y(a) = 1222*a + 201626. Calculate y(-165).
-4
Let k(u) = 1592928*u - 11150492. What is k(7)?
4
Let j(m) = -m**2 - 1582*m - 9472. What is j(-6)?
-16
Let m(p) = -6*p - 995. Determine m(-27).
-833
Let d(k) = 18*k**3 + 89*k**2 - 649*k - 3209. Calculate d(-5).
11
Let d(v) = -3*v**3 + 7*v**2 + 65*v - 75. Give d(1).
-6
Let a(g) = g**2 + 1030*g - 55884. Calculate a(53).
1515
Let o(v) = -19052*v - 19034. Determine o(-1).
18
Let m(k) = -338*k + 13000. Give m(39).
-182
Let a(j) = -7162*j + 436854. Determine a(61).
-28
Let n(i) = -52*i**3 - 2*i**2 - 107*i - 108. Determine n(-1).
49
Let p(d) = -78900*d + 2209204. Give p(28).
4
Let s(x) = 23*x**3 + 120*x**2 + 211*x + 12. What is s(-2)?
-114
Let l